{"id":216372,"date":"2026-04-20T09:41:40","date_gmt":"2026-04-20T07:41:40","guid":{"rendered":"https:\/\/holistycznie.me\/?page_id=216372"},"modified":"2026-04-20T09:41:40","modified_gmt":"2026-04-20T07:41:40","slug":"podziekowanie","status":"publish","type":"page","link":"https:\/\/holistycznie.me\/index.php\/podziekowanie\/","title":{"rendered":"dzi\u0119kuj\u0119 za zakup szkolenia #2"},"content":{"rendered":"<p>[et_pb_section fb_built=&#8221;1&#8243; _builder_version=&#8221;4.16&#8243; custom_padding=&#8221;|0px|0px|||&#8221; global_colors_info=&#8221;{}&#8221;][et_pb_row _builder_version=&#8221;4.19.0&#8243; global_colors_info=&#8221;{}&#8221;][et_pb_column type=&#8221;4_4&#8243; _builder_version=&#8221;4.16&#8243; global_colors_info=&#8221;{}&#8221;][et_pb_text _builder_version=&#8221;4.16&#8243; text_font=&#8221;Open Sans||||||||&#8221; text_line_height=&#8221;2em&#8221; header_font=&#8221;Lora||||||||&#8221; header_text_align=&#8221;center&#8221; header_font_size=&#8221;35px&#8221; header_line_height=&#8221;1.4em&#8221; header_6_font=&#8221;Open Sans|600||on|||||&#8221; header_6_text_align=&#8221;center&#8221; header_6_text_color=&#8221;#d0983c&#8221; header_6_font_size=&#8221;12px&#8221; header_6_letter_spacing=&#8221;5px&#8221; header_6_line_height=&#8221;1.6em&#8221; text_orientation=&#8221;center&#8221; max_width=&#8221;900px&#8221; max_width_tablet=&#8221;90%&#8221; max_width_phone=&#8221;&#8221; max_width_last_edited=&#8221;on|desktop&#8221; module_alignment=&#8221;center&#8221; custom_margin=&#8221;||2px||false|false&#8221; custom_margin_tablet=&#8221;&#8221; custom_margin_phone=&#8221;&#8221; custom_margin_last_edited=&#8221;on|desktop&#8221; custom_padding=&#8221;|||0px||&#8221; animation_style=&#8221;zoom&#8221; animation_intensity_zoom=&#8221;5%&#8221; text_font_size_tablet=&#8221;&#8221; text_font_size_phone=&#8221;&#8221; text_font_size_last_edited=&#8221;on|desktop&#8221; header_font_size_tablet=&#8221;48px&#8221; header_font_size_phone=&#8221;32px&#8221; header_font_size_last_edited=&#8221;on|phone&#8221; header_6_font_size_tablet=&#8221;&#8221; header_6_font_size_phone=&#8221;&#8221; header_6_font_size_last_edited=&#8221;on|desktop&#8221; locked=&#8221;off&#8221; global_colors_info=&#8221;{}&#8221; header_5_font_size__hover=&#8221;16px&#8221; header_5_font_size__hover_enabled=&#8221;16px&#8221; header_5_letter_spacing__hover=&#8221;0px&#8221; header_5_letter_spacing__hover_enabled=&#8221;0px&#8221; header_5_line_height__hover=&#8221;1em&#8221; header_5_line_height__hover_enabled=&#8221;1em&#8221; header_5_text_shadow_style__hover=&#8221;none&#8221; header_5_text_shadow_style__hover_enabled=&#8221;none&#8221; header_5_text_shadow_color__hover=&#8221;rgba(0,0,0,0.4)&#8221; header_5_text_shadow_color__hover_enabled=&#8221;rgba(0,0,0,0.4)&#8221;]<\/p>\n<h6>\u00a0Dzi\u0119kuj\u0119 za zakup szkolenia.<\/h6>\n<p>&nbsp;<\/p>\n<p><span style=\"font-size: x-large; color: #000000;\">Wszystkie niezb\u0119dne informacje zostan\u0105 przes\u0142ane na Tw\u00f3j adres mailowy podany w zam\u00f3wieniu.<\/span><\/p>\n<p><span style=\"font-size: x-large; color: #000000;\"><\/span><\/p>\n<p data-start=\"171\" data-end=\"203\"><span style=\"text-decoration: underline;\">Wy\u015bl\u0119 do Ciebie dwie wiadomo\u015bci:<\/span><\/p>\n<p data-start=\"205\" data-end=\"382\"><strong data-start=\"205\" data-end=\"244\">1. Dost\u0119p do platformy szkoleniowej<\/strong><br data-start=\"244\" data-end=\"247\" \/>W pierwszym mailu znajdziesz dane do logowania. Przy pierwszym wej\u015bciu ustawisz swoje w\u0142asne has\u0142o \u2014<\/p>\n<p data-start=\"205\" data-end=\"382\">takie, kt\u00f3re b\u0119dzie tylko Twoje \ud83c\udf3f<\/p>\n<p data-start=\"384\" data-end=\"570\"><strong data-start=\"384\" data-end=\"426\">2. Potwierdzenie i link do Przestrzeni Wsparcia<\/strong><br data-start=\"426\" data-end=\"429\" \/>W drugiej wiadomo\u015bci otrzymasz potwierdzenie zam\u00f3wienia oraz link do zamkni\u0119tej Przestrzeni Wsparcia na Telegramie,<\/p>\n<p data-start=\"384\" data-end=\"570\">do kt\u00f3rej serdecznie Ci\u0119 zapraszam \ud83d\udc9b<\/p>\n<p data-start=\"572\" data-end=\"761\">To miejsce, w kt\u00f3rym znajdziesz dodatkowe materia\u0142y dotycz\u0105ce snu dzieci (zar\u00f3wno m\u0142odszych, jak i starszych), a tak\u017ce b\u0119dziesz mog\u0142a uczestniczy\u0107 w spotkaniach na \u017cywo \u2764\ufe0f<\/p>\n<p data-start=\"572\" data-end=\"761\">\n<p data-start=\"572\" data-end=\"761\"><strong><span style=\"text-decoration: underline;\">Opr\u00f3cz tego:<\/span><\/strong><\/p>\n<p data-start=\"52\" data-end=\"167\">Przygotowa\u0142am dla Ciebie <strong>seri\u0119 wiadomo\u015bci e-mail <span class=\"x1xsqp64 xiy17q3 x1o6pynw x19co3pv xdj266r xjn30re xat24cr x1hb08if x2b8uid\" data-testid=\"emoji\" data-emoji-size=\"16\"><span class=\"xexx8yu xcaqkgz x18d9i69 xbwkkl7 x3jgonx x1bhl96m\">\ud83d\udc8c <\/span><\/span><\/strong><\/p>\n<p data-start=\"52\" data-end=\"167\">kt\u00f3re b\u0119d\u0105 Ci\u0119 <strong>wspiera\u0107 w procesie wprowadzania zmian.<\/strong>\u00a0<\/p>\n<p data-start=\"169\" data-end=\"269\" data-is-last-node=\"\" data-is-only-node=\"\">Znajdziesz w nich cenne wskaz\u00f3wki, kt\u00f3re pomog\u0105 Ci <strong>przej\u015b\u0107 przez ten proces krok po kroku.<\/strong><\/p>\n<p data-start=\"169\" data-end=\"269\" data-is-last-node=\"\" data-is-only-node=\"\">Dodaj m\u00f3j adres e-mail do ulubionych, \u017ceby nie przegapi\u0107 \u017cadnej wiadomo\u015bci.<\/p>\n<p data-start=\"169\" data-end=\"269\" data-is-last-node=\"\" data-is-only-node=\"\">\n<p data-start=\"169\" data-end=\"269\" data-is-last-node=\"\" data-is-only-node=\"\">\n<p data-start=\"169\" data-end=\"269\" data-is-last-node=\"\" data-is-only-node=\"\">\n<p data-start=\"572\" data-end=\"761\">A je\u015bli pojawi si\u0119 jakakolwiek w\u0105tpliwo\u015b\u0107 \u2014 jestem dla Ciebie dost\u0119pna:<br data-start=\"832\" data-end=\"835\" \/>\ud83d\udce7 <a data-start=\"838\" data-end=\"863\" class=\"decorated-link cursor-pointer\" rel=\"noopener\">monika.bg@holistycznie.me<\/a><\/p>\n<p data-start=\"572\" data-end=\"761\">\n<p>\u015aciskam Ci\u0119 i trzymam kciuki! <span class=\"x1xsqp64 xiy17q3 x1o6pynw x19co3pv xdj266r xjn30re xat24cr x1hb08if x2b8uid\" data-testid=\"emoji\" data-emoji-size=\"16\"><span class=\"xexx8yu xcaqkgz x18d9i69 xbwkkl7 x3jgonx x1bhl96m\">\ud83c\udf38<\/span><\/span><span style=\"font-size: large;\"><\/span><\/p>\n<p>Monika Bielan-G\u0105sior<span class=\"x1xsqp64 xiy17q3 x1o6pynw x19co3pv xdj266r xjn30re xat24cr x1hb08if x2b8uid\" data-testid=\"emoji\" data-emoji-size=\"16\"><span class=\"xexx8yu xcaqkgz x18d9i69 xbwkkl7 x3jgonx x1bhl96m\"><\/span><\/span><\/p>\n<p><span class=\"x1xsqp64 xiy17q3 x1o6pynw x19co3pv xdj266r xjn30re xat24cr x1hb08if x2b8uid\" data-testid=\"emoji\" data-emoji-size=\"16\"><span class=\"xexx8yu xcaqkgz x18d9i69 xbwkkl7 x3jgonx x1bhl96m\"><\/span><\/span><\/p>\n<p>[\/et_pb_text][\/et_pb_column][\/et_pb_row][\/et_pb_section][et_pb_section fb_built=&#8221;1&#8243; _builder_version=&#8221;4.16&#8243; background_color=&#8221;rgba(209,197,186,0.16)&#8221; custom_padding=&#8221;4px||4px|||&#8221; global_colors_info=&#8221;{}&#8221;][et_pb_row column_structure=&#8221;1_2,1_2&#8243; _builder_version=&#8221;4.16&#8243; global_colors_info=&#8221;{}&#8221;][et_pb_column type=&#8221;1_2&#8243; _builder_version=&#8221;4.16&#8243; global_colors_info=&#8221;{}&#8221;][et_pb_button button_text=&#8221;Polityka prywatno\u015bci&#8221; button_alignment=&#8221;center&#8221; _builder_version=&#8221;4.16&#8243; custom_button=&#8221;on&#8221; button_text_size=&#8221;15px&#8221; button_text_color=&#8221;#000000&#8243; button_bg_color=&#8221;rgba(208,152,60,0)&#8221; button_border_width=&#8221;0px&#8221; button_border_color=&#8221;#d0983c&#8221; button_font=&#8221;|600|||||||&#8221; button_icon=&#8221;&#x24;||divi||400&#8243; custom_margin=&#8221;20px||||false|false&#8221; custom_margin_tablet=&#8221;&#8221; custom_margin_phone=&#8221;&#8221; custom_margin_last_edited=&#8221;on|desktop&#8221; button_border_width_tablet=&#8221;&#8221; button_border_width_phone=&#8221;&#8221; button_border_width_last_edited=&#8221;on|desktop&#8221; global_colors_info=&#8221;{}&#8221;][\/et_pb_button][\/et_pb_column][et_pb_column type=&#8221;1_2&#8243; _builder_version=&#8221;4.16&#8243; global_colors_info=&#8221;{}&#8221;][et_pb_button button_text=&#8221;Regulamin zakupu&#8221; button_alignment=&#8221;center&#8221; _builder_version=&#8221;4.16&#8243; custom_button=&#8221;on&#8221; button_text_size=&#8221;15px&#8221; button_text_color=&#8221;#000000&#8243; button_bg_color=&#8221;rgba(208,152,60,0)&#8221; button_border_width=&#8221;0px&#8221; button_border_color=&#8221;#d0983c&#8221; button_font=&#8221;|600|||||||&#8221; button_icon=&#8221;&#x24;||divi||400&#8243; custom_margin=&#8221;20px||||false|false&#8221; custom_margin_tablet=&#8221;&#8221; custom_margin_phone=&#8221;&#8221; custom_margin_last_edited=&#8221;on|desktop&#8221; button_border_width_tablet=&#8221;&#8221; button_border_width_phone=&#8221;&#8221; button_border_width_last_edited=&#8221;on|desktop&#8221; global_colors_info=&#8221;{}&#8221;][\/et_pb_button][\/et_pb_column][\/et_pb_row][et_pb_row _builder_version=&#8221;4.16&#8243; custom_padding=&#8221;2px|||||&#8221; global_colors_info=&#8221;{}&#8221;][et_pb_column type=&#8221;4_4&#8243; _builder_version=&#8221;4.16&#8243; global_colors_info=&#8221;{}&#8221;][et_pb_text _builder_version=&#8221;4.19.0&#8243; text_font=&#8221;Open Sans|600|||||||&#8221; text_text_color=&#8221;#000000&#8243; text_orientation=&#8221;center&#8221; global_colors_info=&#8221;{}&#8221;]<\/p>\n<p>Copyright 2020 | Projekt Holistycznie.me<\/p>\n<p>[\/et_pb_text][\/et_pb_column][\/et_pb_row][\/et_pb_section]<\/p>\n","protected":false},"excerpt":{"rendered":"<p>\u00a0Dzi\u0119kuj\u0119 za zakup szkolenia. &nbsp; Wszystkie niezb\u0119dne informacje zostan\u0105 przes\u0142ane na Tw\u00f3j adres mailowy podany w zam\u00f3wieniu. Wy\u015bl\u0119 do Ciebie dwie wiadomo\u015bci: 1. Dost\u0119p do platformy szkoleniowejW pierwszym mailu znajdziesz dane do logowania. Przy pierwszym wej\u015bciu ustawisz swoje w\u0142asne has\u0142o \u2014 takie, kt\u00f3re b\u0119dzie tylko Twoje \ud83c\udf3f 2. Potwierdzenie i link do Przestrzeni WsparciaW drugiej [&hellip;]<\/p>\n","protected":false},"author":2,"featured_media":0,"parent":0,"menu_order":0,"comment_status":"closed","ping_status":"closed","template":"page-template-blank.php","meta":{"_et_pb_use_builder":"on","_et_pb_old_content":"","_et_gb_content_width":"","om_disable_all_campaigns":false,"footnotes":""},"class_list":["post-216372","page","type-page","status-publish","hentry"],"_links":{"self":[{"href":"https:\/\/holistycznie.me\/index.php\/wp-json\/wp\/v2\/pages\/216372","targetHints":{"allow":["GET"]}}],"collection":[{"href":"https:\/\/holistycznie.me\/index.php\/wp-json\/wp\/v2\/pages"}],"about":[{"href":"https:\/\/holistycznie.me\/index.php\/wp-json\/wp\/v2\/types\/page"}],"author":[{"embeddable":true,"href":"https:\/\/holistycznie.me\/index.php\/wp-json\/wp\/v2\/users\/2"}],"replies":[{"embeddable":true,"href":"https:\/\/holistycznie.me\/index.php\/wp-json\/wp\/v2\/comments?post=216372"}],"version-history":[{"count":1,"href":"https:\/\/holistycznie.me\/index.php\/wp-json\/wp\/v2\/pages\/216372\/revisions"}],"predecessor-version":[{"id":216374,"href":"https:\/\/holistycznie.me\/index.php\/wp-json\/wp\/v2\/pages\/216372\/revisions\/216374"}],"wp:attachment":[{"href":"https:\/\/holistycznie.me\/index.php\/wp-json\/wp\/v2\/media?parent=216372"}],"curies":[{"name":"wp","href":"https:\/\/api.w.org\/{rel}","templated":true}]}}